a multiple of 30?
False
Is 2366705 a multiple of 54?
False
Does 8 divide 50162?
False
Is 8784308 a multiple of 221?
True
Does 4 divide 4540612?
True
Is 571660 a multiple of 10?
True
Is 4446238 a multiple of 114?
False
Is 2051176 a multiple of 452?
True
Is 30 a factor of 513480?
True
Does 9 divide 396640?
False
Does 12 divide 1162179?
False
Is 14132328 a multiple of 41?
False
Is 16 a factor of 1804064?
True
Is 50881 a multiple of 73?
True
Does 31 divide 85560?
True
Is 144 a factor of 3002256?
True
Is 31 a factor of 109957?
True
Is 5652113 a multiple of 20?
False
Is 58418 a multiple of 372?
False
Is 180 a factor of 274446?
False
Is 266382 a multiple of 179?
False
Is 5414778 a multiple of 9?
True
Is 13 a factor of 17966?
True
Does 51 divide 23693580?
True
Is 8 a factor of 240564?
False
Is 1093852 a multiple of 244?
True
Is 18287258 a multiple of 14?
False
Does 31 divide 119381?
True
Is 361314 a multiple of 4?
False
Is 66 a factor of 1696266?
True
Does 17 divide 95778?
True
Is 42861 a multiple of 7?
True
Is 27 a factor of 372371?
False
Does 38 divide 5404100?
False
Is 860 a factor of 3617072?
False
Is 8647651 a multiple of 232?
False
Is 82 a factor of 14624946?
True
Is 190 a factor of 3810450?
True
Is 8338098 a multiple of 142?
True
Is 208 a factor of 20384?
True
Does 12 divide 62940?
True
Is 294 a factor of 312346?
False
Is 1631817 a multiple of 583?
True
Does 3 divide 443100?
True
Does 360 divide 706174?
False
Is 220093 a multiple of 97?
True
Is 242984 a multiple of 16?
False
Is 113113 a multiple of 6?
False
Is 34 a factor of 7049931?
False
Does 30 divide 1407980?
False
Is 665650 a multiple of 3?
False
Is 384540 a multiple of 174?
True
Is 2215395 a multiple of 14?
False
Does 36 divide 146959?
False
Does 28 divide 207380?
False
Is 34278 a multiple of 6?
True
Does 11 divide 12838045?
True
Does 26 divide 47866?
True
Is 15281950 a multiple of 117?
False
Is 26 a factor of 1898?
True
Is 8 a factor of 339296?
True
Is 659735 a multiple of 11?
False
Is 409 a factor of 431086?
True
Is 74 a factor of 279498?
True
Is 2926388 a multiple of 19?
False
Is 619 a factor of 14077225?
False
Is 10 a factor of 2795430?
True
Is 2622448 a multiple of 701?
False
Is 7066920 a multiple of 6?
True
Is 154339 a multiple of 169?
False
Is 3 a factor of 513?
True
Is 532 a factor of 236311?
False
Is 16345 a multiple of 32?
False
Is 7 a factor of 794133?
False
Does 9 divide 220644?
True
Is 30 a factor of 15540?
True
Is 35607 a multiple of 14?
False
Is 78207 a multiple of 131?
True
Is 5118695 a multiple of 19?
True
Does 33 divide 362802?
True
Does 13 divide 116214?
False
Does 29 divide 87580?
True
Is 135 a factor of 480060?
True
Is 55692 a multiple of 102?
True
Does 232 divide 30856?
True
Is 732 a factor of 327936?
True
Does 320 divide 8300096?
False
Is 42 a factor of 203454?
False
Is 85065 a multiple of 321?
True
Does 233 divide 2429094?
False
Is 9 a factor of 2962431?
True
Is 23 a factor of 1962567?
True
Is 117036 a multiple of 216?
False
Does 226 divide 763876?
False
Is 9 a factor of 1379656?
False
Is 7275520 a multiple of 580?
True
Does 10 divide 4424575?
False
Is 410981 a multiple of 113?
True
Is 16 a factor of 85776?
True
Does 31 divide 112189?
True
Is 654780 a multiple of 15?
True
Is 158343 a multiple of 73?
False
Does 20 divide 44125?
False
Is 212 a factor of 1795216?
True
Is 9284188 a multiple of 14?
False
Is 102163 a multiple of 283?
True
Does 15 divide 93133?
False
Does 202 divide 2532070?
True
Is 2886506 a multiple of 175?
False
Does 24 divide 896122?
False
Is 463 a factor of 4264805?
False
Is 46390 a multiple of 45?
False
Does 219 divide 792026?
False
Does 93 divide 295451?
False
Is 17471493 a multiple of 198?
False
Is 3 a factor of 17955?
True
Is 20 a factor of 1015740?
True
Is 178356 a multiple of 356?
True
Does 6 divide 6803436?
True
Is 529238 a multiple of 238?
False
Is 46 a factor of 877634?
True
Is 19 a factor of 534014?
True
Does 28 divide 579040?
True
Does 89 divide 363259?
False
Is 77 a factor of 994070?
True
Is 17806712 a multiple of 2954?
True
Does 13 divide 909828?
False
Is 172 a factor of 471968?
True
Is 17 a factor of 155195?
False
Does 10 divide 813020?
True
Is 571 a factor of 315424?
False
Is 3 a factor of 1934055?
True
Does 17 divide 302379?
True
Is 936 a factor of 4302792?
True
Is 4277308 a multiple of 973?
True
Is 882120 a multiple of 24?
True
Is 84766 a multiple of 28?
False
Does 270 divide 270270?
True
Is 34 a factor of 2170390?
True
Does 791 divide 5694409?
True
Is 21160 a multiple of 92?
True
Is 8 a factor of 1900640?
True
Is 2830 even?
True
Is 80 a factor of 405317?
False
Is 1484049 a multiple of 732?
False
Is 1042 a factor of 6320772?
True
Does 235 divide 243225?
True
Is 962896 a multiple of 16?
True
Does 179 divide 15686128?
True
Does 269 divide 128313?
True
Does 14 divide 915908?
True
Does 41 divide 865075?
False
Is 433243 a multiple of 9?
False
Is 111 a factor of 9913410?
True
Does 5 divide 1075890?
True
Is 142473 a multiple of 4?
False
Is 84 a factor of 2081633?
False
Does 181 divide 37254?
False
Does 56 divide 85624?
True
Is 16282895 a multiple of 381?
False
Is 182 a factor of 1174951?
False
Is 352 a factor of 988677?
False
Does 74 divide 60014?
True
Is 123660 a multiple of 229?
True
Is 28 a factor of 3155880?
True
Is 119005 a multiple of 35?
False
Is 4 a factor of 115246?
False
Is 28 a factor of 1256164?
True
Is 270300 a multiple of 150?
True
Does 11 divide 11024?
False
Is 7824692 a multiple of 65?
False
Is 4327548 a multiple of 314?
True
Is 27050 a multiple of 74?
False
Is 4343387 a multiple of 46?
False
Is 824112 a multiple of 12?
True
Is 122 a factor of 50707?
False
Is 281469 a multiple of 163?
False
Is 14979 a multiple of 5?
False
Is 285 a factor of 327750?
True
Is 84 a factor of 332061?
False
Does 17 divide 68306?
True
Does 16 divide 3940914?
False
Is 49 a factor of 2390898?
False
Is 47 a factor of 2601120?
False
Is 2173248 a multiple of 21?
True
Is 406208 a multiple of 27?
False
Is 24570 a multiple of 189?
True
Is 57 a factor of 5714421?
True
Does 17 divide 1438019?
False
Is 212198 a multiple of 25?
False
Does 97 divide 511093?
True
Is 46 a factor of 309314?
False
Does 64 divide 90251?
False
Is 159 a factor of 217475?
False
Is 8745594 a multiple of 47?
False
Is 276303 a multiple of 304?
False
Is 480 a factor of 1923132?
False
Does 13 divide 2603016?
True
Is 112189 a multiple of 47?
True
Does 1113 divide 2085570?
False
Is 1328800 a multiple of 3?
False
Is 12 a factor of 15627180?
True
Is 857726 a multiple of 32?
False
Does 376 divide 56776?
True
Is 5456730 a multiple of 30?
True
Is 219 a factor of 5994744?
False
Is 5 a factor of 1206891?
False
Is 227 a factor of 41995?
True
Is 4940825 a multiple of 96?
False
Is 65035 a multiple of 2?
False
Does 39 divide 3015207?
True
Is 27 a factor of 135486?
True
Does 11 divide 3341393?
True
Does 3 divide 645209?
False
Is 12 a factor of 2133168?
True
Is 42 a factor of 1296129?
False
Is 19 a factor of 89965?
True
Is 11481516 a multiple of 1548?
True
Is 10 a factor of 3363580?
True
Is 338 a factor of 5941026?
True
Does 400 divide 1010000?
True
Is 134040 a multiple of 15?
True
Does 88 divide 3045856?
True
Is 24696 a multiple of 49?
True
Is 316005 a multiple of 777?
False
Is 1129497 a multiple of 323?
False
Is 1490221 a multiple of 21?
False
Is 34 a factor of 185912?
True
Is 17165148 a multiple of 84?
True
Does 160 divide 5229440?
True
Is 382590 a multiple of 130?
True
Is 24574930 a multiple of 67?
True
Does 21 divide 154434?
True
Does 10 divide 6461410?
True
Does 305 divide 113460?
True
Is 6709 a multiple of 33?
False
Does 12 divide 6960326?
False
Does 39 divide 1257627?
False
Is 52752 a multiple of 57?
False
Is 6523740 a multiple of 20?
True
Does 19 divide 178011?
True
Does 26 divide 120068?
True
Does 9 divide 109688?
False
Is 1831963 a multiple of 53?
False
Does 439 divide 175391?
False
Is 205162 a multiple of 12?
False
Does 89 divide 21795?
False
Is 503 a factor of 2436767?
False
Is 353 a factor of 362884?
True
Is 223 a factor of 2521461?
True
Is 17 a factor of 570644?
False
Does 384 divide 133248?
True
Is 515 a factor of 9470175?
False
Does 9 divide 213606?
True
Is 121075 a multiple of 5?
True
Is 732008 a multiple of 86?
False
Is 39 a factor of 49179?
True
Is 9 a factor of 3728231?
False
Is 